True
Suppose -7*x - 36 = -50. Is (-11801)/(x*(-9)/18) composite?
False
Let b(z) = -z**2 - 104*z + 3343. Is b(0) a composite number?
False
Suppose -5 = 2*u - 7. Let h be 0 - (u + -1816 + (2 - 2)). Let p = -1054 + h. Is p prime?
True
Let z = -7963 + 12629. Is (-1 + 0)*z/(-2)*1 prime?
True
Let w be (3*4/(-24))/(1/(-4)). Suppose b - 416 = -5*a - 87, -w*a = 4. Suppose -2*z = -b + 117. Is z prime?
False
Let g = -78305 + 169798. Is g prime?
True
Let p(t) = -4*t + 17. Let x be p(2). Is 8441 - x/(45/(-10)) prime?
True
Let u(a) = 2*a + 13. Let i be u(0). Suppose -i*d = -14018 - 35109. Is d a composite number?
False
Let c(y) = 420*y - 62. Let u be c(8). Suppose 7*x - 4*x = -5*f + u, 0 = -4*x + 4. Suppose -6645 = -8*j + f. Is j a composite number?
True
Let s = 273 + 99. Suppose 13*d + s = d. Let p = 62 + d. Is p prime?
True
Let q(f) = 5*f**3 - 134*f**2 - 139*f - 667. Is q(65) a composite number?
False
Suppose 16093006 = 72*o + 9*o + 3953617. Is o a composite number?
True
Suppose -5*q + 3*w + 163 = 0, -2*w - w = -12. Let r = q + -27. Is ((-60)/r)/(-5)*628/6 prime?
True
Is 215 + (-66)/(12 - 1) composite?
True
Let q(f) = -6286*f - 181. Is q(-18) prime?
True
Suppose m + 2*u - 32 = 0, -93 = -4*m - 5*u + 20. Is m + -28 - (2 - 634) composite?
True
Suppose 1558*j = 3*c + 1556*j - 360957, -4*j = -c + 120319. Is c composite?
False
Let a(x) = -11*x - 116 + 49 + 54 + 131*x**2. Is a(6) a composite number?
False
Let y be (15 - 102591) + (-6)/(-1). Let a = y - -147887. Is a composite?
False
Is (160443 + (-24)/4)/3 a composite number?
False
Suppose -8*k = -21*k - 87724. Let l = k - -14957. Is l a prime number?
True
Suppose -78*x + 48*x + 186283534 = 176*x. Is x a prime number?
True
Suppose -32*q + 9024 = -8*q. Suppose 5*i - 4*i - 424 = 3*r, -r - 4*i = 163. Let m = q + r. Is m a prime number?
True
Suppose 0 = r + 13*q - 17*q - 12, 5*q + 18 = 2*r. Suppose 7*b - r*b = 1623. Is b a prime number?
True
Let n = 5276 + 195. Is n prime?
True
Let p = 2147 + 7092. Let j = p + -5500. Is j composite?
False
Let i = 692 + -690. Suppose -6851 = -3*c + i*d, c - 2*d - 757 - 1520 = 0. Is c a composite number?
False
Suppose 0 = -4*r + 6*r - 8. Suppose -18083 = -r*j + i, -4*j = -9*j + i + 22604. Let k = -2814 + j. Is k a composite number?
True
Suppose 0 = -4*m - 8, -28*a - 3*m + 52352 = -26*a. Is a composite?
True
Suppose -132*x = -318*x + 113*x + 9354731. Is x a prime number?
True
Let b = 229496 + 113433. Is b composite?
False
Let q be (-7 - -2) + (-9 - -18). Suppose 4*b = -2*m + 1700 + 3966, -q*m = -2*b - 11332. Is m a prime number?
True
Let b(x) = -497*x**3 + 4*x**2 + 3*x + 1. Suppose 0*a = -2*j - 2*a - 6, -2*j - 4*a - 10 = 0. Is b(j) composite?
False
Let g(j) = 33*j**2 - j + 3. Let k(f) = 33*f**2 - f + 4. Let r(m) = -5*g(m) + 6*k(m). Let x be (8 + 0)/((-13)/(117/18)). Is r(x) composite?
False
Suppose -287*t + 5837538 = -245*t. Is t a composite number?
True
Let m(s) be the third derivative of 7*s**5/15 - s**4/12 + 41*s**3/6 + 16*s**2 + s. Is m(-10) a composite number?
False
Let h = 310817 + -167950. Is h prime?
True
Let z(k) = 46*k**2 + 22*k + 18. Let j be z(-10). Suppose 4*l = 2*u - u - 3519, j = -5*l + 2*u. Let q = l + 1421. Is q composite?
False
Suppose 5399 = 16*a + 64567. Let v = 8859 + a. Is v composite?
True
Is ((-2586)/(-3))/(44/12914) a prime number?
False
Is ((-2381687)/(-308))/((-1)/(-2))*2 a composite number?
False
Let d = 5 + -1. Suppose -2135 = -d*k + 11*k. Let s = k - -446. Is s composite?
True
Let m be 0 + (8063 + 7)/5. Let j = m + -583. Is j a composite number?
False
Suppose 0 = -4*c - 23*z + 20*z + 382705, 3*z - 21 = 0. Is c a prime number?
False
Let l = -52 + 7. Let d be 78/((l/(-590))/3). Suppose 327 = 5*a - d. Is a composite?
True
Let v(w) = -22*w**3 + 30*w**2 + 28*w - 1. Let h = 519 + -530. Is v(h) a composite number?
False
Let h(p) = -141 - 48*p - 86*p + 7*p + 11*p. Is h(-20) composite?
False
Let g(v) = v**2 + 5*v - 14. Let l be g(-7). Suppose 2*j - 19 = 3*u + 71, 4*u + 16 = l. Let h = j - -82. Is h composite?
True
Let j(d) = 23937*d + 5. Let t be j(-2). Let p = 75001 + t. Suppose 6*n = p - 4062. Is n a composite number?
True
Let m = 45 - 25. Suppose 4*b = m, -19 = 3*h + b - 3. Let x(o) = 21*o**2 + 7*o - 9. Is x(h) a composite number?
False
Let r be (-20)/25*10/(-4). Let t(m) = -m**2 + 5*m - 3. Let n be t(r). Suppose -323 + 62 = -n*d. Is d prime?
False
Suppose 4*m + 132 = -5*a - 14, 5*a = -10. Let g = m + 37. Suppose g*f + 12 = 0, 4696 = 4*w + 2*f - 7*f. Is w prime?
False
Let o = 487363 - 95754. Is o a composite number?
True
Let j(b) = 39657*b**2 + 28*b + 19. Is j(4) prime?
True
Suppose -7*s + 3*s - 3*p + 13552 = 0, -5*p - 6776 = -2*s. Suppose 2*q - s + 846 = 2*h, -3*q + 3811 = -4*h. Is q composite?
True
Let a be (5 - -2)*30/70. Suppose 0 = 4*v + a*h - 13383, -10686 = -5*v + 2*h + 6037. Suppose -2*b + 10075 - v = 0. Is b a prime number?
False
Suppose 2*v = -4*o + 66, -70 = 4*v - 6*v - 5*o. Suppose 16*q - v*q + 7083 = 0. Is q a prime number?
True
Is (-1758)/(-9)*642 - -7*10/(-14) a composite number?
False
Let c(s) = -6*s + 24. Let o be c(7). Let l = o + 20. Is ((-1)/1 + 3)/(l/307) prime?
True
Let g(i) = -2*i - 41. Let v(t) = -t - 14. Let x(u) = 4*g(u) - 11*v(u). Let c be x(4). Is (c*(-21)/18)/(4/(-444)) a composite number?
True
Suppose 365841 = 55*q + 8*q. Is q a composite number?
False
Suppose -20 = -5*g - 4*j, -2*g = -g - 2*j - 4. Is 16/120 + g + 15523/15 composite?
False
Let x(n) = -5303*n + 1375. Is x(-6) a composite number?
True
Let c = 245 + -192. Suppose 108087 = -c*s + 56*s. Is s composite?
True
Let r(l) = l**2 - 3*l + 4. Let u be r(5). Let y = u + -11. Suppose 3*g - 1949 = t, 0 = -y*g + 5*t + 83 + 1874. Is g a composite number?
True
Is 672914/4 + (-147)/98 a prime number?
True
Let n(m) = 146*m**2 - 14*m - 35. Let k be n(14). Suppose 3*b = -g + k, -5*b + b = 2*g - 37848. Is b a composite number?
False
Suppose -46*z + 2782 = -14054. Is (-42727)/(-6) + (z/(-36) - -10) prime?
True
Suppose 3*k = k + 2*t + 54, 5*k - 130 = 4*t. Suppose 3723 = -5*m + k*m. Is m a prime number?
False
Suppose 0 = 5*o + 5*v - 4667355, -10*o + 3*v + 3733940 = -6*o. Is o a composite number?
False
Suppose 0 = 4*q + 9*q - 923. Suppose 83*h - q*h - 3012 = 0. Is h composite?
False
Let c(m) = 2*m**2 - 8. Suppose 0 = -6*s + 5 - 23. Let z be c(s). Let j(n) = -n**3 + 13*n**2 - 11*n + 23. Is j(z) a prime number?
False
Let i = -6 - -3. Let d(x) = 2*x**3 - 17*x**2 - 16*x + 1. Let f be d(-1). Is 6/f + ((-5262)/i - -6) composite?
True
Suppose -m + 5392 = -7419. Suppose -8*d = -12*d + 48. Suppose -m - 10457 = -d*v. Is v composite?
True
Suppose -i + 7*y = 11*y - 26247, 4*i - 104916 = 2*y. Is i prime?
False
Let t = -206018 + 378217. Is t prime?
True
Let j(s) be the second derivative of s**5/20 - 4*s**4/3 - 17*s**3/6 + 3*s**2 - 17*s. Let k be j(17). Suppose -168 = -k*h + 678. Is h a composite number?
True
Suppose 27*b + 308122 = -52*b + 2801915. Is b prime?
True
Let g be ((-306)/(-8))/(6/176). Let x(a) = a**2 - 12*a + 25. Let p be x(9). Is 1/3 + (g/9 - p) composite?
False
Let k(t) = t**3 - 144. Let h be k(0). Let b be (h/(-45))/(2/5). Let p(a) = -a**3 + 10*a**2 - 7*a + 7. Is p(b) a prime number?
True
Let w(j) = j**2 - 9*j - 3*j**2 - 2 - 9 - 73*j**3. Is w(-5) composite?
False
Let l(u) = u**3 - u**2 + 2. Let r be l(0). Suppose -63*g = -21498 + 2094. Suppose r*i - 302 = g. Is i prime?
False
Suppose 0 = -3*w + 20*w + 591464. Is 8/(-32) + w/(-32) a prime number?
True
Suppose 3*r - 874 = -862. Suppose -2*n + 18260 = -m + r*m, 4*m - 36524 = -4*n. Is n composite?
False
Suppose 3*v = 2*m + 157526, v - 3*m + 2*m - 52509 = 0. Suppose l - 2*l + v = 4*g, 16 = -4*g. Is (l/90)/(2/5) prime?
True
Suppose 4*i - 249992 - 922966 = 2*h, 4*h = -2*i + 586514. Is i a prime number?
False
Suppose 18*g + 58585 = 189301. Suppose 6*s = 4*s + g. Is s composite?
False
Is ((-153)/17 - -515180)/1 composite?
True
Let s(b) = -b + 1. Let f(l) = 847*l - 61. Let n(c) = -f(c) - 6*s(c). Let z be n(-15). Suppose 4*v - 20 = 0, 3*v - z = -2*j - 3*j. Is j composite?
False
Let y(z) = 26*z**2 - 34*z - 39. Let l(t) = -25*t**2 + 35*t + 38. Let u(s) = -4*l(s) - 3*y(s). Is u(-15) a composite number?
True
Suppose 5 = 6*y - 1. Is ((8 - y) + 4)*(1 - -66) a prime number?
False
Let y be (((-6505)/10)/((-4)/16))/(-2). Is y/(-2) + (-5)/(20/6) composite?
Tr